git of h?
3
What is the units digit of 34225/(-5)*(-2 + 8/5)?
8
Let a(y) = 22*y - 32. Let c be (13/26)/(2/52). What is the tens digit of a(c)?
5
Let w(c) = -c**2 - 5*c. Let a be w(-8). Let n = -42 - -84. Let y = a + n. What is the tens digit of y?
1
Let p(b) = b**2 + 8*b - 11. Suppose 5*a - 4*q = -52, -4*q - 42 = 2*a - 10. What is the units digit of p(a)?
7
Let x = 143 - -67. Suppose x = 36*f - 29*f. What is the tens digit of f?
3
Let u(o) = -o + 9. Let j be u(5). Suppose -j*m + 55 = -41. Suppose 3*d + m = 4*d - 3*b, b = -5. What is the units digit of d?
9
Let s(w) = 20*w**2 + 2*w + 5. Suppose -7*n + 3*d = -2*n, 2*d = -10. What is the tens digit of s(n)?
7
Let q be (-3 - (-52)/8) + (-6)/4. Suppose -q*d = -4*d - 4*g + 138, 3*d - 152 = 5*g. What is the tens digit of d?
5
Suppose 3*r + 4*w = w + 18, r - w + 2 = 0. Suppose -r*y = 12*y - 406. What is the units digit of y?
9
Let h be -2 + (4 - 1) + -1. Suppose h = 5*r + 5 + 10. What is the units digit of ((-299)/39)/(1/r)?
3
Let y = 55 - 23. Suppose 37*d - 275 = y*d. What is the units digit of d?
5
Let r be 5*(-5)/(25/492). Let b = 173 + r. What is the units digit of (b/(-22))/((-2)/(-4))?
9
Suppose 2*y + 17 = -4*f + y, f = 5*y - 20. Let d(q) = -15*q + 16. What is the tens digit of d(f)?
9
Let u(o) = 10*o**2 - 10*o - 6. Let g be u(6). Suppose 4*x - 2*m = -4*m + g, -4*x - 4*m = -284. What is the units digit of x?
6
Let o be ((-3)/9 - -1)*-474. Let g = o + 173. What is the tens digit of (-2)/11 - 3601/g?
2
Let x(p) = -6*p**2 - 18*p - 9. Let v(i) = -i**2 - i + 1. Let s(o) = -5*v(o) + x(o). Let m be s(-9). Suppose 2 = 4*j - m. What is the units digit of j?
6
Let z be (-4)/(24/9)*-1*12. Suppose -6*f + z*f = 1212. What is the hundreds digit of f?
1
Suppose 0*x - 3*b = 4*x - 11, -4*b - 32 = -4*x. Suppose -x*z = -3*i + 132, 5*i - 59 - 161 = -3*z. What is the tens digit of i?
4
What is the tens digit of -9 + 351 - (-36)/(-4)?
3
Let s(m) = 249*m - 342. What is the hundreds digit of s(14)?
1
Let u(x) = 19*x - 15. Let t be u(-7). Let h = -104 - t. What is the tens digit of h?
4
Let c(z) = 111*z + 66. What is the tens digit of c(6)?
3
What is the units digit of -1 + (-1 - -649) + 87 + -86?
8
What is the units digit of (357/(-30) + (-12)/(-30))*-50?
5
What is the tens digit of (-14693)/(-42) - 5/6?
4
Suppose 2*t = -j + t + 682, t - 4 = 0. What is the hundreds digit of j?
6
Suppose 3*k + 8*o = 13*o + 4697, k - 1559 = 5*o. What is the units digit of k?
9
Suppose 0 = 4*y - 167 - 1177. What is the units digit of y?
6
Let u(x) = -2*x + 5. Let c be u(6). Let n = c + 42. Let o = 68 - n. What is the units digit of o?
3
Let k = 21 + -15. Let i = k + -2. Suppose -64 = -i*h + 128. What is the units digit of h?
8
Let r = 5506 - 2621. What is the tens digit of r?
8
Suppose -1502 = 31*s - 33*s. What is the hundreds digit of s?
7
Let k = 22 - 25. What is the tens digit of 1/k - (-624)/9?
6
Suppose 2*i = -3*i. Suppose i*q - 1375 = -5*q. Suppose q = -0*j + 5*j. What is the units digit of j?
5
Let u(x) = 52*x**2 + 4*x + 5. Let m(h) = -156*h**2 - 12*h - 15. Let l(k) = -6*m(k) - 17*u(k). What is the tens digit of l(-2)?
0
Let s(b) = 271*b**2 - 6*b - 7. What is the units digit of s(-2)?
9
Let t = 321 - 228. What is the tens digit of t?
9
Let c = 25 - 46. Let u be (-9)/c - 156/(-28). What is the units digit of 50/15*9/u?
5
Suppose 4*u + a = 6, a + 2*a - 4 = 2*u. Let q be (-66 - -4)/(-2 + u). Let g = q - 43. What is the tens digit of g?
1
Let b(i) = i + 13. Let q be b(-9). Suppose -w = q, -3*w = -y - 4*y + 22. Suppose -3*k + y*k = -5. What is the units digit of k?
5
Suppose -12*f - 462 = -14*f. What is the tens digit of f?
3
Let u be 2 + 1 + (-1 - 2). Suppose 5*y - 40 = 7*j - 2*j, u = -y - 2*j - 7. What is the units digit of y?
3
Suppose -t - 19 = m, m = 2*m + 3*t + 29. What is the hundreds digit of 1*-4 - (-2)/(m/(-1225))?
1
Let b(t) = -t**2 + 6*t + 5. Let l be ((-7)/14)/(2/(-48)). Let d = -8 + l. What is the units digit of b(d)?
3
Suppose 5*c - 163 = 22. Let q = c - 4. Let j = q + -8. What is the units digit of j?
5
Suppose 0 = -g + 5*p + 294, 6*g - 9*g = -p - 938. What is the units digit of g?
4
Let v(o) = -6*o - 1 - 2 - 3 + 0*o**2 + 3*o**2. Let p be v(6). Suppose -5*j + p = -2*j. What is the tens digit of j?
2
Let c = 86 - -17. Suppose 2*s = z - c, 387 = 3*z + 5*s + 100. What is the units digit of z?
9
Suppose -4*i + 36 = -4. What is the units digit of (-744)/60*i/(-4)?
1
Let t be (2 - (47 - -4))*-2. Suppose -4*m + t + 214 = 0. What is the tens digit of m?
7
Let v(c) = -166*c - 13. What is the tens digit of v(-6)?
8
Let n(r) = 2847*r**3 + 4*r**2 + r - 3. What is the thousands digit of n(1)?
2
Suppose -n - 14447 = -3*j, 76*j - 72*j = -4*n + 19268. What is the tens digit of j?
1
Let x(m) = 3*m**2 + 6*m + 3. Let f be x(-2). What is the units digit of (-2)/(-3) + (-1)/f*-325?
9
Suppose 0 = -s + 4*f - 12, 4*f - 6 = -4*s + 6. Suppose -2*c - r = -5*c + 318, s = r + 3. What is the hundreds digit of c?
1
Suppose 2 = -n, -2*m + 0*n + 12 = -n. Suppose 40 = 5*r + m. What is the units digit of r?
7
Let c(y) = 267 + 0*y**3 + 59 + 29*y**2 + 3*y - 30*y**2 + y**3. What is the units digit of c(0)?
6
Let z(m) = 55*m + 51. Let g(j) = -28*j - 25. Let x(k) = -5*g(k) - 3*z(k). What is the tens digit of x(-4)?
7
Let u(t) = 5*t + 9. Let d be u(-6). Suppose 3*x + 3*f - 116 = 5*f, -x - 4*f = -34. Let v = x + d. What is the units digit of v?
7
What is the tens digit of 18780/25 + 6 - (-1)/(-5)?
5
Suppose 3*a = 22 - 7, -4*g - 5*a = -953. Suppose 2*r - g + 0 = -2*i, -r - 5*i = -112. What is the hundreds digit of r?
1
Suppose -4*c = -8*c. Suppose s - o - 1 = c, 4*s - 3*o = -s + 7. What is the units digit of 24 + 1 + (4 - s)?
7
Let r = -6 - -8. Suppose 2*d - 2*q - r = 4*d, -3*q = 4*d - 1. What is the units digit of d?
4
Suppose g = 6*g - 5*o + 15, -g = 5*o + 21. Let j = 15 - g. What is the tens digit of j?
2
Let y(j) be the second derivative of 17*j**3/6 - 27*j**2/2 - 2*j. What is the units digit of y(8)?
9
Suppose 0 = 8*t - 10*t + 98. Suppose 0*d - t = d. Let w = d - -77. What is the units digit of w?
8
Let g be (-508 - 2)/(24/(-32)). Let i be 6/((-4)/(g/(-15))). What is the tens digit of (2/8)/(1/i)?
1
Suppose -3*m - m = 0. Suppose m*x - 3*x = -27. What is the tens digit of (-1 + 6/x)*-42?
1
Suppose -2*w - 16 = -30. Let o(b) = 2*b**2 + 2*b + 13. What is the units digit of o(w)?
5
Let t(c) be the third derivative of -43*c**4/24 - 29*c**3/3 - 10*c**2. What is the units digit of t(-7)?
3
Let z(x) = 2*x - 70. Let t be z(0). Let n be (t/3)/(8/(-12)). Let i = n + -19. What is the tens digit of i?
1
Suppose 42*a - 792 = 38*a. Suppose -a = -8*r + 2*r. What is the tens digit of r?
3
Suppose 0 = 4*d + 4*d - 32. Suppose -154 - 214 = -d*u. What is the tens digit of u?
9
Let t = 4198 + -1986. What is the tens digit of t?
1
Let r = 546 - -5. What is the tens digit of r?
5
Let g(j) = -j**2 + 17*j + 8. Let s be g(17). What is the units digit of -3 + s/(-2) + (-3 - -128)?
8
Suppose -j = 2*b - 775 - 1220, -4*j + 2*b + 8030 = 0. What is the units digit of j?
5
Let i(x) = x**3 + 14*x**2 - 11*x - 41. What is the tens digit of i(-12)?
7
Suppose 0 = 2*c - p - 100, -p - 200 = -9*c + 5*c. Let v be 6/4*-2*-1. Suppose 0 = -v*f + f + c. What is the tens digit of f?
2
Let t(i) = -546*i**3 + 5*i + 20. What is the units digit of t(-2)?
8
Suppose m = -2*z - 0*m + 4, 1 = -z - 2*m. Let b = 18 - z. What is the tens digit of (b/(-12))/(3/(-84))?
3
Suppose 0 = -t + 3*t - 4, -n - 3*t + 3264 = 0. What is the hundreds digit of n?
2
Let o(a) = -554*a - 476. What is the units digit of o(-8)?
6
Let q(y) = -4*y - 35. Let c(o) = -o. Let w(f) = 15*c(f) - 3*q(f). What is the tens digit of w(0)?
0
Suppose -5*c + 16 = 2*x, -3 = x + c - 11. Let s be (-3)/(-18) - 129/18. Let v = x + s. What is the units digit of v?
1
Suppose -3*y - y + 225 = -5*l, -65 = -y + 3*l. Let f = -8 + y. What is the units digit of f?
2
Suppose 0 = 105*i - 110*i + 2490. What is the tens digit of i?
9
Let h(o) = -o**2 + 10*o + 1. Suppose -2*z = -25 + 5. Let c = 19 - z. What is the units digit of h(c)?
0
What is the tens digit of (1219/(-69))/((-1)/3) - 5?
4
Let h(y) = -y**2 + 16*y - 12. Let m = 17 + -13. Let n be 11/(-3 + m) - 0. What is the units digit of h(n)?
3
Let g(m) = m - 15. Let k(x) = 2*x - 16. Let v = 34 - 32. Let p(h) = v*